et h(s) = -s**2 - 11*s - 1. Let q be h(-9). What is the highest common factor of 187 and q?
17
Suppose -3*f = -0 + 9. Let k(u) = -2*u + 4. Let g be k(f). Suppose 3*s = 6*s + r - 35, 3*r + 15 = 3*s. Calculate the greatest common factor of g and s.
10
Suppose -12 = 4*h + 8. Let g be 35/h*60/(-14). Calculate the highest common factor of g and 12.
6
Let y be 46 + (-2)/(-4) + 45/(-18). Calculate the highest common divisor of y and 308.
44
Let d(x) = -x**3 - 11*x**2 - 3*x + 7. Let m be d(-12). Let g be (-1 - -3)*17/2. What is the highest common factor of m and g?
17
Let s = -8 - -16. Suppose 0 = -4*o + 4*l - 2*l + 264, 2*l - s = 0. Suppose 0 = -3*d + 39 + 12. Calculate the greatest common divisor of d and o.
17
Let r(u) = u**2 - 5*u. Let y be r(6). Suppose 0 = -c - 2, 5*k = y*k + 4*c. Calculate the greatest common factor of 8 and k.
8
Suppose -2*b - b + 225 = 0. What is the greatest common divisor of 25 and b?
25
Let v(j) = j**2 + j - 9. Let n be v(3). Calculate the greatest common factor of 33 and n.
3
Let m = 0 - -5. Suppose 0 = m*n, -o = -n - 1 - 4. What is the highest common divisor of 35 and o?
5
Suppose -8*u + 408 = 4*u. What is the greatest common factor of u and 34?
34
Suppose j - 1 = 0, 2*f + 0*f - 2*j = -6. Let q = 9 + f. Let h = q + 33. What is the highest common divisor of 10 and h?
10
Let z = 8 - -5. What is the greatest common factor of 13 and z?
13
Let r(i) = -4*i**2 - 4*i. Let z(j) = 11*j**2 + 12*j - 1. Let p(g) = -8*r(g) - 3*z(g). Let w be p(-3). Calculate the highest common divisor of w and 30.
6
Suppose 5*w + 4 - 29 = 0. Let c(j) = -j**3 - 7*j**2 + 2*j + 19. Let r be c(-7). Calculate the greatest common factor of w and r.
5
Let v be -2*(-2 - 6/4). Suppose 14 = -3*k - v. Let g be (k/2)/(1/(-44)). Calculate the highest common divisor of 14 and g.
14
Let p(b) = -b + 1. Let d be (-2 + 2)*(-5)/10. Let m be p(d). Let y be 18/6 - (-16 - m). What is the highest common factor of y and 8?
4
Let a be 4 - (1 - 2)*-2. Calculate the highest common divisor of 14 and a.
2
Let k(p) = 9*p. Let l be k(-2). Let q be -3*8/l*3. Calculate the highest common factor of 4 and q.
4
Suppose u = -u - 3*v + 4, 3 = -u - 4*v. Let m = u - 0. Calculate the greatest common factor of m and 5.
5
Let h = 235 + -81. Calculate the highest common divisor of h and 14.
14
Let w be (-4)/(16/6)*2 + 23. Let u = 56 - 19. Suppose -2*z + 397 = u. Calculate the greatest common divisor of z and w.
20
Suppose 3*s - 143 = 5*n + 366, 2*s + 5*n - 331 = 0. Calculate the greatest common divisor of s and 21.
21
Suppose 2*m - 4*m = -20. Let v = 6 + 14. What is the greatest common divisor of v and m?
10
Suppose -6*p + p = -25. Let b(w) = 2*w**3 - 5*w**2 - 4*w - 3. Let v be b(p). Calculate the highest common divisor of v and 17.
17
Let t = -31 + 55. Suppose -d = 4*c - 3, 4 = -3*c + 3*d - 5*d. Suppose 108 = c*q + q. Calculate the highest common factor of t and q.
12
Let i(c) = 2*c**2 - 4*c + 2. Let s be (-2)/((1 + -4)/3). Let a be i(s). Let n be 3*20*1/a. Calculate the highest common divisor of 20 and n.
10
Suppose -2*f - 3*m + 10 = -0*f, -3*f - 7 = -m. Let t be 1/f - (-1 - 4). Calculate the highest common divisor of t and 16.
4
Let k be 6*(-4 - (-296)/12). Let o(l) = l**3 - l**2 - 5*l + 3. Let v be o(4). Calculate the greatest common divisor of v and k.
31
Let d(w) = -37*w - 1. Let h be d(-1). Let v = 31 - 27. Calculate the greatest common divisor of v and h.
4
Let s be (-2)/3 - 60/(-9). Suppose -s*d + 8*d = 144. Let v = -19 - -28. Calculate the highest common divisor of d and v.
9
Let w(m) = -m**2 - 10*m + 12. Let g be w(-10). Let u = 30 + -18. Calculate the highest common divisor of g and u.
12
Let x = -20 - -26. Calculate the highest common factor of 66 and x.
6
Let h be -42*((-2)/3 + 0). Suppose 0 = -4*q + d - 60, d - 26 = 3*q + 20. Let y = q + h. What is the greatest common factor of y and 112?
14
Let t = 67 + -61. Suppose -r + 2*g = -6, -4*g - 8 = -r - 0*g. Suppose -r*v = -51 - 9. What is the highest common factor of v and t?
3
Let y = 30 + -28. Calculate the greatest common factor of y and 10.
2
Suppose 5*k = -3*d + 95, 2*k - 5*d + 19 = 3*k. What is the greatest common factor of 209 and k?
19
Suppose 0 = h + 2*g - 4, 0 = 4*h - 2*g - 6. Suppose -3*z - z - 20 = 0, -h*r = 2*z - 8. Calculate the greatest common divisor of 18 and r.
9
Let x be (-4)/(-6)*(-27)/(-6). Suppose -123 = x*m - 555. Calculate the greatest common divisor of 18 and m.
18
Let n be 3 - (2/(-1) + 2). Suppose -n*l - 2*l = -65. What is the greatest common divisor of 117 and l?
13
Let q be 1/4 - 790/(-8). Calculate the greatest common divisor of q and 9.
9
Suppose 20 = 9*u - 8*u. What is the highest common divisor of 30 and u?
10
Suppose -j + 6 = -0*j. Suppose -3*k + 110 = 2*r - k, 0 = r - 3*k - 51. What is the greatest common factor of r and j?
6
Let q(x) = x**2 - 6*x. Suppose 0 = a + 4*n - 36, -a + 15 = -2*n - 3. Suppose -2*r + a = r. Let k be q(r). What is the highest common factor of 128 and k?
16
Suppose 5*t + 6 = 6*t. Let g(k) = 10*k + 5*k**2 - 1 - 4 - k - k**3. Let d be g(t). Calculate the highest common factor of d and 13.
13
Suppose -2 + 6 = d, -2*i - d = -16. Suppose -2*o - 3*o = -4*c + 72, 5*c - i = o. Let b = o + 24. Calculate the greatest common factor of b and 16.
8
Suppose -450 = -4*s - 11*s. Suppose -2*j - 225 = -7*j. Calculate the greatest common divisor of j and s.
15
Suppose 0 = 3*h - 3*c, -h + 2*h - 20 = -3*c. Calculate the highest common factor of 35 and h.
5
Let o = 50 + -38. What is the highest common factor of 48 and o?
12
Let j(x) = -x - 1. Let v be j(1). Let g(o) = 7*o**2. Let c be g(v). What is the highest common factor of c and 42?
14
Suppose 5*o - 2*n - 3*n - 805 = 0, -n = o - 159. What is the greatest common divisor of 20 and o?
20
Suppose 2*i = -58 + 80. Calculate the highest common divisor of 11 and i.
11
Let a(n) = 57*n - 6. Let o be a(3). Calculate the greatest common divisor of o and 66.
33
Suppose 5*y = 3 + 27. Calculate the greatest common divisor of 42 and y.
6
Let l be 143/3 - (-2)/6. Suppose 5*x - 2 - l = 0. What is the highest common factor of 80 and x?
10
Let y(o) = 40*o - 3. Suppose 0 = -5*w + 6 + 9. Let n be y(w). Let f be (2/3)/((-12)/(-234)). What is the highest common divisor of n and f?
13
Let u = 501 + -286. Calculate the highest common factor of 86 and u.
43
Let j = 100 - 68. Let p be (0 - -3)*1 + 1. What is the greatest common factor of p and j?
4
Let u = -2 - -4. Suppose -36 = -u*y + y. Let v = -20 - -29. Calculate the greatest common factor of y and v.
9
Let r = -7 - -9. Let q be (206/4)/(r/4). Suppose 4*s = 12, 0*t + 4*s = 5*t - q. What is the highest common divisor of 69 and t?
23
Let y(u) = -17*u - 2. Let q be y(-3). What is the highest common factor of 7 and q?
7
Let i = 20 - 99. Let j = -43 - i. Suppose -3*x - 8 = -5*x. What is the highest common factor of x and j?
4
Suppose 12 = 5*y - 3. Suppose -59 = -y*u + 16. Let c be (-1 + 0)*0 + 5. Calculate the greatest common factor of u and c.
5
Suppose 3*m - 45 = 3*v, m - 2*v - 15 = 3. What is the highest common factor of m and 24?
12
Let m(b) = b**3 + 12*b**2 + 4. Let f be m(-12). What is the greatest common divisor of f and 2?
2
Suppose -2*w = 7 - 51. Calculate the greatest common divisor of w and 88.
22
Let f be (-6)/(-1 + 2/8). Suppose 168 - 24 = 9*p. What is the greatest common factor of f and p?
8
Suppose -2 = r - 3. Suppose -3*j + m + r = 0, -4*j = -4*m - m + 17. Calculate the highest common factor of j and 1.
1
Let r = 94 + -44. What is the highest common divisor of 125 and r?
25
Let z(c) = c**3. Let m be z(0). Let l(w) = w**3 - w**2 - w - 4. Let j be l(m). Let k = j - -88. What is the highest common factor of 12 and k?
12
Let m = 35 + -21. Let p be 46/m - 2/7. Calculate the highest common divisor of p and 12.
3
Let q(j) = -j + 4. Let w be q(0). Let d = w - 3. Calculate the greatest common divisor of 11 and d.
1
Suppose -2*a = a - 72. Suppose 0 = 19*s - 833 + 149. What is the greatest common divisor of a and s?
12
Let v be 4/6 - 39/(-9). Suppose -10 = -v*b, -5*o + 34 + 41 = -5*b. Let d = o + 67. Calculate the highest common factor of d and 14.
14
Suppose -d = 2*f - 3*f - 2, 3*d = 2*f + 9. What is the greatest common factor of d and 1?
1
Let g be (1 + 0)/((-2)/(-104)). Suppose -5*n - 8 = -5*y - 653, 5*y = 5. C